f o?
2, 5
Suppose -21808 = -17*a + 11495. What are the prime factors of a?
3, 653
Let g(k) = 7*k**2 - 9*k + 4. Let f be 32/6 - 8/24. Let q(c) = -7*c**2 + 10*c - 4. Let d(o) = f*q(o) + 6*g(o). List the prime factors of d(3).
5, 11
What are the prime factors of ((-12)/(-10))/(150/376000)?
2, 47
Suppose 0 = 4*p - 2*m - 0*m, -4*p - 2*m = 0. Let w(r) = -r + 68. Let u be w(p). Suppose u + 56 = 4*o. What are the prime factors of o?
31
Suppose 24809 + 25655 = 38*m. List the prime factors of m.
2, 83
Let x(b) be the third derivative of b**6/120 - b**5/6 + b**4/12 - 5*b**3/2 + b**2. Suppose -29*c + 25*c + 40 = 0. List the prime factors of x(c).
5
Suppose -4*o + 633 = m, 18*o - 21*o - m + 475 = 0. What are the prime factors of o?
2, 79
Let i(g) = -41*g**2 - 3*g + 10. Let x(u) = -20*u**2 - u + 5. Let y(v) = 2*i(v) - 5*x(v). List the prime factors of y(-3).
2, 5
Let c(z) = 27*z - 32. What are the prime factors of c(35)?
11, 83
Let z = 30 - 48. Let w be (-3)/(3 + z/5). Suppose 2*u - 87 = -w. What are the prime factors of u?
41
Suppose 533 = i + 20*p - 25*p, 0 = 4*i - p - 2189. List the prime factors of i.
2, 137
Suppose 0*a + 2*a + 16 = 2*y, -2*y - 3*a = -11. Let u be (-3 + 2)*(-2 - -9). What are the prime factors of (-3)/u*4*y?
2, 3
Let q be 622/10 - (-6)/(-30). Suppose 0 = y + 3*v - q, -2*v = 2*y - 0*y - 124. Suppose -m - m = -y. List the prime factors of m.
31
Suppose 24*i = 30*i - 282. Suppose -i = 2*j - 65. What are the prime factors of j?
3
Suppose -6 = 3*z - 6*z. Suppose -2*x = -5*n + 14, 0 = -0*x + x + z. Suppose k + 1 = -l, n*l + 3 = -3*k + 4. List the prime factors of k.
3
List the prime factors of ((-5344)/6)/(6/(-9)).
2, 167
List the prime factors of -801*(-3)/(-6)*-2.
3, 89
Let h(g) = 5*g**2 + 6*g + 1. Let z be h(-1). Suppose 3*u - 127 - 56 = z. What are the prime factors of u?
61
Suppose 0 = 3*s + 37*s - 18000. List the prime factors of s.
2, 3, 5
Suppose 8*g = 6*g + 108. Suppose 30 + g = q + 2*f, 0 = 5*q - 4*f - 392. List the prime factors of q.
2, 5
Let b(p) = 2 - 55*p**2 + 20*p - 18*p + 190*p**2. List the prime factors of b(1).
139
Suppose -2*a + 934 = 3*l, 4*a - 1848 = l + 3*l. Suppose a + 256 = 5*x. Suppose 2*o + 3*d = 63, 7*o + 3*d = 2*o + x. What are the prime factors of o?
3
Let u(s) = -3*s**3 - 9*s**2 + 43*s + 319. List the prime factors of u(-9).
2, 5, 139
Let k(z) = z**2 - 4*z - 3. Let l be k(4). Let d be l/(48/20)*-20. List the prime factors of d - (2 - (2 - -2)).
3
Suppose -5*g - 23 = -33. Suppose 40 = -g*p + 228. List the prime factors of p.
2, 47
Let u(n) = n**2 - 12*n - 31. Let w be u(15). Suppose -106 = -3*b + w. What are the prime factors of b?
2, 5
Let s(n) = 2*n**2 + 10*n + 13. Let p = 8 - 14. List the prime factors of s(p).
5
Suppose 13*w - 6137 = -6*w. What are the prime factors of w?
17, 19
Let s(w) be the third derivative of -w**6/120 + 2*w**5/15 + w**4/12 + 5*w**3/6 + w**2. What are the prime factors of s(7)?
2, 17
What are the prime factors of 41850/20 + (-3)/(-4)*2?
2, 3, 349
Let y(p) = 33*p + 2. What are the prime factors of y(14)?
2, 29
Let w(n) = -10*n + 10 - 19*n - 12*n. What are the prime factors of w(-4)?
2, 3, 29
Suppose -12 = -3*y - y. Suppose 5*r - y*z + 129 = 0, -3*r + 3*z - 36 = 39. List the prime factors of (20/(-6) - -2)*r.
2, 3
Suppose -3*b + 2*l + 21 = 5*l, 3*l = 3*b - 21. Suppose -b*q = -2*q - 175. List the prime factors of q.
5, 7
Suppose 0 = -r + 2*u - 142, 2*r + 10*u + 284 = 6*u. Let a = -41 - r. List the prime factors of a.
101
Let s = 10 + -16. What are the prime factors of (3 + -1)*(-105)/s?
5, 7
List the prime factors of (10/4)/(-18 + (-50918)/(-2828)).
5, 101
Let q(w) be the third derivative of w**6/120 + w**5/12 - w**4/6 - w**3/6 + 26*w**2. List the prime factors of q(-4).
31
Suppose 8 = -2*p, -3*z + 451 + 326 = -3*p. Let w be (-2 + (-21)/6)*2. List the prime factors of (-6)/33 - z/w.
23
Suppose 6*p = 2*p + 20. Suppose 2*d - 8 = -3*v + d, -3*d = p*v - 20. List the prime factors of 3 + -3 + 27/v.
3
Suppose -5*t - 20 = -10*t. What are the prime factors of (-6)/t + (-203)/(-2)?
2, 5
Let l be 0 + 1804/4 - -4. Let s = -300 + l. What are the prime factors of s?
5, 31
Suppose 0*m + 5*m - 160 = 0. Let t = m + 185. List the prime factors of t.
7, 31
Let h = -9 - 6. Let f be (-3)/h - (-38)/10. Suppose j + 18 = f*j. List the prime factors of j.
2, 3
Let h(y) = 189*y - 126. What are the prime factors of h(10)?
2, 3, 7
List the prime factors of (1 - 7407/2)*208/(-520).
1481
Suppose -3213 = -3*g + 3*x, -5*x + 1059 = -38*g + 39*g. What are the prime factors of g?
1069
Suppose -9*u = 4*j - 4289 - 14973, -3*u + 6434 = 4*j. What are the prime factors of u?
2, 1069
Let a(p) be the second derivative of -5*p**3/3 - 17*p**2/2 + 5*p. List the prime factors of a(-6).
43
Suppose 2*b + 176 = 3*n + 2, -116 = -2*n + 2*b. What are the prime factors of n?
2, 29
Let q = -917 + 1601. List the prime factors of q.
2, 3, 19
Let j be 6/8*4 - 3. Suppose 5*w - 65 + j = 0. Let u = w + -10. What are the prime factors of u?
3
Suppose 0 = 13*r + 32*r - 195480. What are the prime factors of r?
2, 3, 181
Let j be (18/(-5))/((-26)/(-65)). Let a(m) = m**3 + 10*m**2 + 3*m - 7. List the prime factors of a(j).
47
Let c(r) = -r + 3. Suppose -6 = -13*t + 16*t. Let k be c(t). Suppose -k*f - a = -207, f = 2*a - a + 45. What are the prime factors of f?
2, 3, 7
Let n = 5177 - 3526. What are the prime factors of n?
13, 127
Suppose 312 = 2*o - 20. Let p = o - 87. What are the prime factors of p?
79
Suppose p + 2*o - 327 = 0, -3*o = -5*p + 2*o + 1710. List the prime factors of p.
337
Let q(z) = z**3 - 11*z**2 - 10*z + 3. Suppose 3 = -o + 16. Let i be q(o). Suppose -2*x - 129 = -5*x - 3*s, -5*x - 4*s + i = 0. What are the prime factors of x?
3, 13
Let g(o) = -3*o - 10. Let d be g(-7). Let l = 27 - d. What are the prime factors of l?
2
Suppose 9 = 21*g - 159. List the prime factors of g.
2
Let j(x) = x**3 - 8*x**2 - 5*x - 1. Let q be (1/2)/((-5)/(-60)). Suppose -q*g = -11*g + 45. What are the prime factors of j(g)?
5, 7
Let a(q) = -q**2 - 2*q - 1. Let y be a(2). Let w(f) = -f**2 - 14*f + 8. List the prime factors of w(y).
53
Let o(k) = -144*k + 73. List the prime factors of o(-7).
23, 47
Let y = -98 + 159. Suppose 4*d = -r + 9 + y, -12 = 3*d. List the prime factors of r.
2, 43
Let k = -896 - -1518. What are the prime factors of k?
2, 311
Let g(u) = -u**3 + 8*u**2 + 2*u - 11. Let f be g(8). Suppose -o - 100 = -f*r, 2*r + 2*r = 3*o + 80. Let w = r - 6. What are the prime factors of w?
2, 7
Let i(s) = -s**3 + 2*s**2 + 4*s - 3. Let u be i(3). Suppose u*c + 24 = 2*c. What are the prime factors of c?
2, 3
Suppose 72 = -3*f + o, -3*f + 4*o - 8*o - 72 = 0. What are the prime factors of (222/f - -5)*-4?
17
Let g = -9 - -11. Suppose -5*h - 185 = -5*y, 5*y = g*h - h + 205. What are the prime factors of y?
2, 3, 7
Suppose 0 = 87*u - 95*u + 5064. List the prime factors of u.
3, 211
Let t = 6 + -4. Let a(i) = -3*i - 23. Let x be a(-9). Suppose x*s = -t*k - k + 109, -3*s + 118 = -5*k. What are the prime factors of s?
31
Let h be ((-81)/18)/(1/(-14)). Let k = h + -16. Let y = 66 - k. List the prime factors of y.
19
Let u = 30 + -18. Let x = 16 - u. Let c(t) = t**2 + 3*t - 4. What are the prime factors of c(x)?
2, 3
Let z = -60 - -187. Suppose -p = -c + z, 2*c + 4*p = p + 234. What are the prime factors of c?
3, 41
Let n be (-1)/((2/(-3))/2). Let o = 4 + n. List the prime factors of 8/(-28) + 16/o.
2
Suppose 40 = 8*y - 0. Suppose 3*n = -y*q + 428, -2*n - 424 = -5*n - q. List the prime factors of n.
3, 47
Let g = -36 + 53. Let f = 22 - g. Suppose f*p - 4*p = 24. List the prime factors of p.
2, 3
Let h(k) = k. Let t be h(-3). Let n be (2/6)/(1/t). Let u = 11 + n. What are the prime factors of u?
2, 5
Suppose 4*b = -4*p + 12032, -p - 1219 = 4*b - 13245. List the prime factors of b.
2, 3, 167
Let m(r) = r**2 + 7*r + 9. Suppose -2*l - 5*z = -l + 33, 0 = -z - 5. Let f be m(l). Suppose 0 = -3*p + 4 + f. List the prime factors of p.
7
Let k(j) = -j**3 + 8*j**2 - 4*j + 6. Let l be 39/(-26)*(-4 + 0/(-2)). List the prime factors of k(l).
2, 3
Suppose -30 = -2*n + 5*a + 31, 0 = -3*a - 15. What are the prime factors of (-8 + 2 + 10)*n/8?
3
Let q be 54/12*(-14)/(-3). Let g be 2/3*18/4. Suppose g*d - q = -0*d. What are the prime factors of d?
7
Let w = 519 + -366. List the prim